{"id":1325,"date":"2016-10-04T13:44:09","date_gmt":"2016-10-04T11:44:09","guid":{"rendered":"http:\/\/variances.eu\/?page_id=1325"},"modified":"2026-04-16T13:23:07","modified_gmt":"2026-04-16T11:23:07","slug":"a-propos","status":"publish","type":"page","link":"https:\/\/variances.eu\/?page_id=1325","title":{"rendered":"A propos"},"content":{"rendered":"<h3><strong>QUI SOMMES-NOUS ?<\/strong><\/h3>\n<p>Depuis son lancement en septembre 2016, <a href=\"http:\/\/variances.eu\/\">variances.eu<\/a> est un espace collaboratif port\u00e9 par <a href=\"https:\/\/www.ensae.org\/fr\/\">ENSAE Alumni<\/a> destin\u00e9 \u00e0 accueillir les r\u00e9flexions th\u00e9oriques, les d\u00e9bats d\u2019id\u00e9es, la veille informative, les retours d\u2019exp\u00e9riences, les applications m\u00e9tiers \u2026 sur tous les grands sujets soci\u00e9taux abord\u00e9s sous les regards analytiques et prospectifs des sciences exactes, humaines et sociales.<\/p>\n<p>C\u2019est une plateforme vivante, qui publie 2 \u00e0 3 articles par semaine, alternant des \u00e9clairages sur des sujets de fond et des contributions plus l\u00e9g\u00e8res. Cette plate-forme est en acc\u00e8s libre et gratuit sur le web.<\/p>\n<h3><strong>NOTRE LIGNE \u00c9DITORIALE<\/strong><\/h3>\n<p>Variances.eu est un d\u00e9ploiement, ouvert gr\u00e2ce au num\u00e9rique \u00e0 l\u2019ensemble des internautes, de la revue Variances &#8211; le magazine alors papier des ENSAE Alumni -, qui a produit 54 num\u00e9ros pendant 22 ans et a durant toute cette p\u00e9riode contribu\u00e9 \u00e0 faire rayonner l\u2019ENSAE.<\/p>\n<p>Variances.eu se caract\u00e9rise par :<br \/>\n\u2013 une exigence d\u2019objectivit\u00e9 dans l\u2019analyse, qui n\u2019emp\u00eache pas l\u2019expression de convictions, \u00e0 partir du moment o\u00f9 celles-ci sont argument\u00e9es,<br \/>\n\u2013 la rigueur des raisonnements propos\u00e9s,<br \/>\n\u2013 la diversit\u00e9 des approches destin\u00e9es \u00e0 \u00e9clairer un th\u00e8me donn\u00e9,<br \/>\n\u2013 une contribution aux d\u00e9bats d\u2019id\u00e9es.<\/p>\n<h3><strong>LE CONTENU DU SITE<\/strong><\/h3>\n<p><a href=\"http:\/\/variances.eu\/\">variances.eu<\/a>\u00a0s\u2019articule aujourd\u2019hui autour d\u2019un certain nombre de rubriques :<br \/>\n\u2013 Des dossiers th\u00e9matiques, destin\u00e9s \u00e0 \u00e9clairer un sujet de fond ou d\u2019actualit\u00e9 \u00e0 travers diff\u00e9rents angles, illustr\u00e9s par plusieurs articles,<br \/>\n\u2013 Des portraits d\u2019alumni,<br \/>\n\u2013 Des tribunes, permettant \u00e0 des auteurs divers de s\u2019exprimer sur un sujet qui leur tient \u00e0 c\u0153ur, ou billets d\u2019humeur, \u00e0 partir du moment o\u00f9 les opinions sont formul\u00e9es dans le respect des personnes et sans esprit pol\u00e9mique,<br \/>\n\u2013 Les publications (d\u2019alumni ou pas) sur les sujets soci\u00e9taux abord\u00e9s sous les regards analytiques et prospectifs des sciences exactes, humaines et sociales,<\/p>\n<h3><strong>NOTRE GOUVERNANCE<\/strong><\/h3>\n<p><a href=\"http:\/\/variances.eu\/\">variances.eu<\/a> est une publication de <a href=\"https:\/\/www.ensae.org\/fr\/\">ENSAE Alumni<\/a> .<\/p>\n<p><strong>Ensae Alumni<\/strong><\/p>\n<p><em>5 avenue Henry Le Chatelier<br \/>\n<\/em><em>91764 Palaiseau Cedex<\/em><\/p>\n<p><strong>RNA:\u00a0<\/strong>\u00a0W921001735<br \/>\n<strong>SIRET :\u00a0<\/strong>419 583 034 00022<\/p>\n<p>E-mail : <a href=\"mailto:info@ensae.org\">info@ensae.org<\/a><\/p>\n<p>Le directeur de la publication est le Pr\u00e9sident de l&rsquo;association (actuellement Fabrice Wilthien).<\/p>\n<p>Le r\u00e9dacteur en chef est Nicolas Ragache et la co-r\u00e9dactrice en chef est Priscilla Courn\u00e8de.<\/p>\n<p>Un comit\u00e9 \u00e9ditorial a pour objectif l\u2019animation du contenu \u00e9ditorial du site.<br \/>\nSi les alumni de l\u2019ENSAE sont largement repr\u00e9sent\u00e9s parmi les auteurs et autrices, il ne s\u2019agit aucunement d\u2019une exclusive :\u00a0<a href=\"http:\/\/variances.eu\/\">variances.eu<\/a>\u00a0est ouvert \u00e0 toutes celles et ceux qui partagent nos valeurs et notre ligne \u00e9ditoriale.<\/p>\n<p>Les membres du comit\u00e9 \u00e9ditorial sont :<\/p>\n<p>\u2013 Simon Bunel<\/p>\n<p>\u2013 Priscilla Courn\u00e8de<\/p>\n<p>\u2013 Mary-C\u00e9cile Duchon<\/p>\n<p>\u2013 Christophe Lagarde<\/p>\n<p>\u2013 Jos\u00e9-Luc Leban<\/p>\n<p>\u2013 Nicolas Ragache<\/p>\n<p>\u2013 Olivier Redoul\u00e8s<\/p>\n<p>\u2013 Philippe Tassi<\/p>\n<p>\u2013 Olivier Th\u00f6ni<\/p>\n<p>\u2013 Fabrice Wilthien<\/p>\n<p>&nbsp;<\/p>\n","protected":false},"excerpt":{"rendered":"<p>QUI SOMMES-NOUS ? Depuis son lancement en septembre 2016, variances.eu est un espace collaboratif port\u00e9 par ENSAE Alumni destin\u00e9 \u00e0 accueillir les r\u00e9flexions th\u00e9oriques, les d\u00e9bats d\u2019id\u00e9es, la veille informative, les retours d\u2019exp\u00e9riences, les applications m\u00e9tiers \u2026 sur tous les grands sujets soci\u00e9taux abord\u00e9s sous les regards analytiques et prospectifs des sciences exactes, humaines et [&hellip;]<\/p>\n","protected":false},"author":10,"featured_media":0,"parent":0,"menu_order":0,"comment_status":"closed","ping_status":"closed","template":"","meta":{"_et_pb_use_builder":"off","_et_pb_old_content":"","_et_gb_content_width":"","_exactmetrics_skip_tracking":false,"_exactmetrics_sitenote_active":false,"_exactmetrics_sitenote_note":"","_exactmetrics_sitenote_category":0,"footnotes":""},"class_list":["post-1325","page","type-page","status-publish","hentry"],"_links":{"self":[{"href":"https:\/\/variances.eu\/index.php?rest_route=\/wp\/v2\/pages\/1325","targetHints":{"allow":["GET"]}}],"collection":[{"href":"https:\/\/variances.eu\/index.php?rest_route=\/wp\/v2\/pages"}],"about":[{"href":"https:\/\/variances.eu\/index.php?rest_route=\/wp\/v2\/types\/page"}],"author":[{"embeddable":true,"href":"https:\/\/variances.eu\/index.php?rest_route=\/wp\/v2\/users\/10"}],"replies":[{"embeddable":true,"href":"https:\/\/variances.eu\/index.php?rest_route=%2Fwp%2Fv2%2Fcomments&post=1325"}],"version-history":[{"count":11,"href":"https:\/\/variances.eu\/index.php?rest_route=\/wp\/v2\/pages\/1325\/revisions"}],"predecessor-version":[{"id":9091,"href":"https:\/\/variances.eu\/index.php?rest_route=\/wp\/v2\/pages\/1325\/revisions\/9091"}],"wp:attachment":[{"href":"https:\/\/variances.eu\/index.php?rest_route=%2Fwp%2Fv2%2Fmedia&parent=1325"}],"curies":[{"name":"wp","href":"https:\/\/api.w.org\/{rel}","templated":true}]}}